{"id":73,"date":"2020-02-20T16:48:14","date_gmt":"2020-02-20T16:48:14","guid":{"rendered":"http:\/\/ibs.drenai.net\/?page_id=73"},"modified":"2020-04-04T12:16:05","modified_gmt":"2020-04-04T12:16:05","slug":"post-season","status":"publish","type":"page","link":"http:\/\/ibs.drenai.net\/?page_id=73","title":{"rendered":"Post Season"},"content":{"rendered":"<p>Die Post Season gipfelt in dem Finale &#8222;The Series&#8220;.<\/p>\n<p>Die Weg dorthin sind die beiden geteilte Wild Card-Runden (Pre-Wild Card und Wild Card) und die beiden geteilten Play Off-Runden (Viertel- und Halbfinale).<\/p>\n<p><strong>Wild Card-Runden<\/strong><br \/>\nIn den Wild Card-Runden gibt es ein Best of Three &#8211; wobei das besser platzierte Team in den Spielen 1 und\u00a0 3 Heimrecht hat &#8211; das andere Team lediglich in Spiel 2.<\/p>\n<p>Es gibt folgende Duelle in der Pre-Wild Card-Runde:<br \/>\nPlatz 9 &#8211; Platz 12<br \/>\nPlatz 10 &#8211; Platz 11<\/p>\n<p>Die Sieger der beiden Duelle treffen anschlie\u00dfend auf die Pl\u00e4tze 7 und 8 der Setzliste &#8211; wobei das bessere Team gegen Platz 8 antreten muss, das andere Team tritt gegen Platz 7 an.<\/p>\n<p><strong>Play Off-Runden<\/strong><br \/>\nIm Viertel- und Halbfinale gibt es ein Best of Five. Das besser platzierte Team hat in den Spielen 1, 2 und 5 Heimrecht. Das andere Team in den Spielen 3 und 4.<br \/>\nHier trifft Platz 1 der Setzliste gegen das schlechtere Team aus der Wild Card-Runde an. Platz 2 tritt gegen das bessere Team an; au\u00dfer es w\u00fcrde dadurch zu einem State-Duell kommen, was im Viertelfinale nicht gewollt ist &#8211; dann w\u00fcrden diese beiden Teams ihre Gegner tauschen. Ansonsten spielt Platz 3 gegen Platz 6 und Platz 4 gegen Platz 5.<\/p>\n<p>Im Halbfinale trifft das beste Team auf das &#8222;schlechteste&#8220; und die \u00fcbrigen beiden Teams aufeinander; ungeachtet der Staatenzugeh\u00f6rigkeit.<\/p>\n<p><strong>Die Series<\/strong><br \/>\nIn der Series &#8211; dem Finale treten die Teams im Best of Seven an. Das bessere Team hat in den Spielen 1, 2, 5 und 7 Heimrecht. Das andere Team in den Spielen 3, 4 und 6.<\/p>\n","protected":false},"excerpt":{"rendered":"<p>Die Post Season gipfelt in dem Finale &#8222;The Series&#8220;. Die Weg dorthin sind die beiden geteilte Wild Card-Runden (Pre-Wild Card und Wild Card) und die beiden geteilten Play Off-Runden (Viertel- und Halbfinale). Wild Card-Runden In den Wild Card-Runden gibt es ein Best of Three &#8211; wobei das besser platzierte Team in den Spielen 1 und\u00a0 [&hellip;]<\/p>\n","protected":false},"author":1,"featured_media":0,"parent":0,"menu_order":0,"comment_status":"closed","ping_status":"closed","template":"","meta":{"footnotes":""},"class_list":["post-73","page","type-page","status-publish","hentry"],"_links":{"self":[{"href":"http:\/\/ibs.drenai.net\/index.php?rest_route=\/wp\/v2\/pages\/73","targetHints":{"allow":["GET"]}}],"collection":[{"href":"http:\/\/ibs.drenai.net\/index.php?rest_route=\/wp\/v2\/pages"}],"about":[{"href":"http:\/\/ibs.drenai.net\/index.php?rest_route=\/wp\/v2\/types\/page"}],"author":[{"embeddable":true,"href":"http:\/\/ibs.drenai.net\/index.php?rest_route=\/wp\/v2\/users\/1"}],"replies":[{"embeddable":true,"href":"http:\/\/ibs.drenai.net\/index.php?rest_route=%2Fwp%2Fv2%2Fcomments&post=73"}],"version-history":[{"count":3,"href":"http:\/\/ibs.drenai.net\/index.php?rest_route=\/wp\/v2\/pages\/73\/revisions"}],"predecessor-version":[{"id":953,"href":"http:\/\/ibs.drenai.net\/index.php?rest_route=\/wp\/v2\/pages\/73\/revisions\/953"}],"wp:attachment":[{"href":"http:\/\/ibs.drenai.net\/index.php?rest_route=%2Fwp%2Fv2%2Fmedia&parent=73"}],"curies":[{"name":"wp","href":"https:\/\/api.w.org\/{rel}","templated":true}]}}